culate f(-5).
303
Let t(j) = -7*j**3 + 4*j**2 + 2*j - 3. Calculate t(-1).
6
Let t(l) = -7*l - 60. Give t(-17).
59
Let r(u) = -u**2 - 41*u + 320. Give r(-47).
38
Let y(j) = -14*j**2 - 282*j - 60. Calculate y(-20).
-20
Let x(u) = 3*u**3 - 12*u**2 + 21*u - 36. Give x(3).
0
Let n(j) = j**2 + 28*j + 231. Calculate n(-15).
36
Let w(p) = -28*p**2 + 13*p + 8. Determine w(-1).
-33
Let y(l) = l**3 - 9*l**2 - 25*l - 4. Calculate y(11).
-37
Let p(y) = -17*y + 157. Calculate p(27).
-302
Let h(v) = -54*v - 1096. Calculate h(-20).
-16
Let n(r) = -1836*r + 73431. Determine n(40).
-9
Let w(l) = -l**3 - 37*l**2 + 53*l + 469. Determine w(-38).
-101
Let u(y) = -y**2 + 19*y + 40. Give u(25).
-110
Let i(n) = 15*n + 14. Give i(-20).
-286
Let h(r) = -r**2 + 68*r + 591. Calculate h(-8).
-17
Let w(t) = 32*t + 1849. What is w(-58)?
-7
Let w(j) = j**3 - 12*j**2 + 20*j + 29. What is w(10)?
29
Let a(f) = 1168*f**2 + 116*f - 114. What is a(1)?
1170
Let a(f) = 10*f**2 + 123*f - 51. Calculate a(-10).
-281
Let q(i) = -i**2 + 107*i - 2349. What is q(30)?
-39
Let a(i) = 154*i + 11083. What is a(-72)?
-5
Let d(h) = h**3 + 204*h**2 + 5072*h - 43. Calculate d(-29).
44
Let l(i) = -i**2 - 19*i - 62. Determine l(-17).
-28
Let b(a) = -12*a - 30. What is b(-3)?
6
Let n(j) = -10*j**2 - 110*j + 16. Determine n(-11).
16
Let l(d) = -d**3 - 19*d**2 - 108*d - 57. What is l(-12)?
231
Let f(u) = 7*u - 110. Calculate f(2).
-96
Let m(v) = -v**3 + 144*v**2 - 268*v - 2267. Give m(142).
5
Let u(n) = -13*n - 520. Determine u(-39).
-13
Let f(s) = -s**3 - 16*s**2 - 37*s - 105. What is f(-14)?
21
Let i(d) = -35*d - 893. Determine i(-29).
122
Let u(w) = -w**3 + 140*w**2 - 19*w + 2672. Determine u(140).
12
Let u(m) = -m**3 + 7*m**2 - 17*m + 45. Give u(4).
25
Let n(b) = -b**3 - 50*b**2 - 82*b + 731. Give n(-48).
59
Let d(j) = -63*j - 1379. Calculate d(-21).
-56
Let z(g) = 3*g**2 + 17*g - 93. What is z(10)?
377
Let u(x) = x**3 - 22*x**2 + 8*x + 50. Determine u(22).
226
Let q(w) = w**2 - 55*w + 107. Give q(53).
1
Let n(x) = -22*x + 17. Determine n(3).
-49
Let w(k) = 35*k - 213. Give w(5).
-38
Let w(m) = -m**2 + 161*m - 643. What is w(4)?
-15
Let j(y) = -15*y**2 + 25*y - 36. What is j(2)?
-46
Let z(y) = 7*y + 222. Determine z(-14).
124
Let y(x) = -1514*x + 12121. Calculate y(8).
9
Let t(y) = -82*y - 607. Determine t(-7).
-33
Let i(c) = 35*c - 492. Give i(14).
-2
Let h(w) = w**3 - 12*w**2 - 78*w - 50. Give h(-4).
6
Let s(i) = i**2 + i - 249. Determine s(0).
-249
Let j(r) = 410*r + 19673. Give j(-48).
-7
Let x(g) = -18184*g + 72730. Determine x(4).
-6
Let b(w) = -2*w**3 - 129*w**2 + 65*w + 178. Calculate b(-65).
178
Let l(f) = -8*f**2 - 47*f - 13. What is l(-5)?
22
Let n(w) = -44*w**2 - 127*w + 259. What is n(2)?
-171
Let s(v) = -v**2 - 1086*v - 4373. Calculate s(-4).
-45
Let n(c) = 3*c**2 + 256*c + 1299. What is n(-80)?
19
Let v(o) = -16626*o + 49873. Calculate v(3).
-5
Let x(t) = 184*t**3 - 19*t**2 + 22*t - 2. Determine x(1).
185
Let t(x) = -x**3 + 20*x**2 + 17*x + 84. What is t(21)?
0
Let m(k) = 601*k + 22245. What is m(-37)?
8
Let o(k) = -k**2 - 1811*k + 36623. What is o(20)?
3
Let d(b) = -b**2 + 36*b + 353. Determine d(43).
52
Let f(o) = 34*o**2 + 112*o + 114. Determine f(-1).
36
Let c(b) = -3*b**2 + 42*b - 134. Determine c(9).
1
Let f(l) = -514*l + 1021. Give f(2).
-7
Let f(a) = a**3 + 4*a**2 - 339*a + 295. Calculate f(16).
-9
Let s(d) = 35*d + 409. Give s(-10).
59
Let k(p) = -8*p + 198. What is k(24)?
6
Let y(i) = -114*i + 1365. Calculate y(12).
-3
Let x(w) = 8*w + 531. What is x(34)?
803
Let k(a) = 10744*a + 4. What is k(0)?
4
Let u(a) = -11*a**2 - 88*a + 357. Determine u(-11).
-6
Let j(r) = r - 107. Calculate j(105).
-2
Let b(r) = 18*r**3 + 134*r**2 - 131*r - 2. Calculate b(1).
19
Let a(g) = -g**3 + 10*g**2 - 31*g + 30. Give a(4).
2
Let f(d) = -568*d + 563. What is f(1)?
-5
Let n(m) = m**2 - 2*m - 31. Calculate n(-10).
89
Let s(w) = 81*w - 308. Determine s(4).
16
Let v(w) = -w**2 + 383*w - 1895. Give v(5).
-5
Let o(h) = -8*h**2 - 160*h - 143. Determine o(-19).
9
Let o(s) = 4*s**2 + 68*s + 244. What is o(-5)?
4
Let u(w) = -6*w**2 + 53*w - 39. Give u(7).
38
Let k(o) = 9*o**2 + 15*o - 46. What is k(4)?
158
Let k(g) = -5*g**2 - 57*g + 132. What is k(-11)?
154
Let q(g) = -172*g - 1726. What is q(-10)?
-6
Let m(r) = 58*r + 105. Give m(-2).
-11
Let q(s) = s**3 + 4*s**2 - 98*s + 41. Calculate q(-12).
65
Let y(s) = s**2 + 1192*s - 39169. Determine y(32).
-1
Let x(d) = -1301*d - 5159. Give x(-4).
45
Let h(l) = l**3 - 18*l**2 + 60*l - 14. What is h(6)?
-86
Let g(l) = 3*l**2 + 183*l - 32. Give g(-61).
-32
Let f(p) = 5*p**2 - 10*p - 7. What is f(7)?
168
Let u(d) = 56*d**2 + 40*d - 1. Give u(-2).
143
Let j(h) = 2*h**3 - 21*h**2 + 66*h - 22. What is j(6)?
50
Let c(s) = -s**2 + 23*s + 71. What is c(21)?
113
Let m(i) = 12*i + 94. Calculate m(-8).
-2
Let x(l) = -l**2 + 66*l - 1089. Calculate x(36).
-9
Let k(f) = f**2 - 70*f + 663. Calculate k(59).
14
Let l(h) = h**3 + 93*h**2 - 86*h - 7996. What is l(-93)?
2
Let r(c) = -8414*c + 50480. Determine r(6).
-4
Let q(o) = 16*o - 9. Determine q(-1).
-25
Let r(m) = -2*m**3 + 17*m**2 - 65*m + 91. Calculate r(3).
-5
Let t(i) = 7*i**2 - 448*i - 905. Calculate t(66).
19
Let b(g) = 6*g**2 - 14*g + 15. What is b(1)?
7
Let w(v) = 38*v**3 + v**2 - 9*v - 3. Give w(-1).
-31
Let o(r) = 40*r - 35. Give o(-3).
-155
Let k(l) = l**2 + 25*l - 119. Give k(-29).
-3
Let d(m) = -258*m + 1539. Calculate d(6).
-9
Let p(x) = -x**3 + 50*x**2 + 106*x - 111. Determine p(52).
-7
Let z(w) = -4*w + 146. Calculate z(22).
58
Let z(h) = -3*h**2 + 34*h - 40. Determine z(7).
51
Let r(n) = 63*n + 68. Determine r(-1).
5
Let s(t) = 5*t**3 - 2*t**2 - 21*t - 16. What is s(0)?
-16
Let a(p) = -7*p**2 - 8*p + 36. What is a(5)?
-179
Let v(l) = -l**2 + 101*l + 2578. Calculate v(-20).
158
Let x(j) = j**3 - 40*j**2 + 174*j + 24. Determine x(35).
-11
Let q(n) = -n**3 - 122*n**2 - 733*n - 4283. Calculate q(-116).
9
Let f(m) = m**3 + 66*m - 16. Calculate f(0).
-16
Let z(a) = a**3 - 32*a**2 + 140*a - 129. Determine z(27).
6
Let r(z) = -z**2 + 54*z - 17. Calculate r(59).
-312
Let w(u) = -2*u**3 - 17*u**2 - 59*u - 56. What is w(-3)?
22
Let t(s) = -8*s**2 + 49*s + 227. Determine t(-5).
-218
Let f(y) = 30*y**2 + 327*y + 3. What is f(-11)?
36
Let r(y) = 275*y + 10746. Determine r(-39).
21
Let i(m) = -m**2 - 119*m - 3031. Give i(-37).
3
Let t(a) = 9*a**2 - 212*a + 274. Calculate t(22).
-34
Let u(k) = -3*k**3 + 39*k**2 - k - 28. What is u(14)?
-630
Let x(c) = -c**2 + 18*c - 44. Calculate x(3).
1
Let s(v) = -v**3 - 8*v**2 + 7*v - 52. What is s(-12)?
440
Let q(v) = -40*v**2 - 50*v + 266. What is q(5)?
-984
Let l(u) = -u**2 + 325*u - 7227. Give l(24).
-3
Let j(z) = -z**2 - 61*z - 394. Determine j(-67).
-796
Let r(c) = 327*c - 1613. What is r(5)?
22
Let h(k) = 273*k - 3282. Give h(12).
-6
Let d(j) = 16*j**2 - 177*j + 11. Give d(11).
0
Let k(w) = -4*w**2 - 7*w - 141. Calculate k(-8).
-341
Let w(a) = a**3 - 34*a**2 + 195*a - 164. Determine w(27).
-2
Let z(h) = h**3 - 12*h**2 + 146*h - 1480. Calculate z(11).
5
Let l(k) = -k**2 + 92*k + 1731. Give l(108).
3
Let d(t) = -5*t**2 + 230*t + 4964. What is d(-16)?
4
Let x(u) = 3*u**2 - 50*u - 825. What is x(-10)?
-25
Let j(y) = y**2 + 6*y - 293. Calculate j(-21).
22
Let y(m) = 8*m**2 + 113*m - 2156. Give y(-25).
19
Let u(p) = p**3 + 34*p**2 + 276*p + 44. Calculate u(-13).
5
Let p(h) = 5*h**3 + 10*h**2 - 22*h - 39. Calculate p(-3).
-18
Let l(x) = 2628*x + 2598. Calculate l(-1).
-30
Let b(x) = 68*x + 106. Calculate b(-5).
-234
Let p(a) = -300*a**2 + 901*a - 10. Determine p(3).
-7
Let n(q) = 6*q**3 + 5*q**2 + 9*q + 12. Determine n(-4).
-328
Let r(i) = i - 29. Calculate r(27).
-2
Let t(o) = 2353*o - 14122. Give t(6).
-4
Let q(y) = -68*y - 623. Calculate q(-8).
-79
Let t(k) = k**3 + 4*k**2 + 22. Determine t(-4).
22
Let c(h) = -2*h**2 - 116*h - 10. What is c(-58)?
-10
Let j(z) = -41*z + 42. Calculate j(2).
-40
Let i(f) = -35*f + 391. Calculate i(11).
6
Let d(z) = -8*z**3 - 158*z**2 + 40*z - 4. Give d(-20).
-4
Let x(a) = -21*a**3 + 5*a**2 + 2*a - 5. Determine x(-2).
179
Let s(f) = f**2 + 375*f + 1091. Give s(-3).
-25
Let m(v) = 2*v**3 - 54*v**2 + 57*v - 29. Determine m(26).
101
Let h(y) = 33*y**2 + 69*y - 90. Calculate h(-3).
0
Let k(u) = -291*u + 1173. Calculate k(4).
9
Let c(r) = -11*r**2 - 30*r + 8